culate the highest common divisor of w and q.
5
Suppose 0*f + 2*f + 28*f = 7050. Calculate the greatest common divisor of 1504 and f.
47
Let k be (78/(-4))/((-6)/12). Let f = 4519 - 4428. What is the greatest common factor of k and f?
13
Suppose 14*b - 12*b - 18 = v, b = 5*v + 9. Calculate the greatest common factor of b and 3141.
9
Suppose 0*d = d + d - 2. Let p(o) = o**3 + 8*o**2 + 8. Let s be p(-8). What is the highest common factor of s and d?
1
Let t = 5286 - 5070. Suppose -d + 21 = -3. What is the greatest common factor of t and d?
24
Suppose -8*x + 990 = -90. Let l = -98 + x. What is the highest common factor of l and 592?
37
Suppose 2*y + 161 - 289 = -4*x, -2*x = -16. What is the highest common factor of 464 and y?
16
Suppose -264*u + 21864 = 2328. What is the greatest common divisor of 16798 and u?
74
Suppose 0 = -217*y + 203*y + 17934. Calculate the highest common divisor of y and 1464.
183
Let p = -16675 + 28661. What is the highest common divisor of p and 26?
26
Suppose -5*m = -2*i - 103, -7*m + 37 = -4*m + 5*i. Suppose -m*d + 16 = -3. What is the greatest common factor of 3 and d?
1
Suppose 4*h = 2*i - 16 + 8, 3*i + 4*h - 42 = 0. Let n(b) = 2*b - 3*b + 31 - b**2 + b**3 - 21. Let f be n(0). What is the highest common divisor of f and i?
10
Let d be 33/4 + 3/(-12). Let u = 0 + d. Let y = -28436 - -28440. What is the highest common factor of y and u?
4
Let s be ((-8)/(-3))/((-2)/(-6)). Let c(h) = -h**3 + 13*h**2 + h - 9. Let o be c(13). Let z = s - o. Calculate the highest common divisor of 10 and z.
2
Suppose 9 = -5*m + 24. Suppose 0 = -n - 3*p - 17 + 175, m*p = 5*n - 700. Calculate the greatest common divisor of n and 26.
13
Let o = -620 + 620. Let y be 153/3 + (o + -5 - -4). What is the highest common divisor of 825 and y?
25
Let z = 235 + -182. Suppose -4*h = -k - 6, 3*k = k - 5*h + z. Calculate the greatest common divisor of k and 35.
7
Suppose -24*x + 28*x - 55 = 3*i, 0 = -5*i - 2*x - 109. Let g(n) = -5*n - 67. Let m be g(i). What is the greatest common factor of 190 and m?
38
Let p = -66 - -75. Let o(d) = 6*d - 50. Let l be o(p). What is the highest common factor of l and 8?
4
Let j(o) = o**2 - 20*o + 21. Let i be j(20). Let z = i - 20. Suppose 6*g = g + 2*p + 53, 3*p + 19 = 2*g. Calculate the greatest common divisor of g and z.
1
Suppose -10*y = -6*y. Suppose 4*s - 7*s = y. Suppose 5*b = -4*m + 153, -3*m + 2*m + 3*b + 17 = s. What is the highest common divisor of m and 80?
16
Suppose 118*n = 66*n + 2132. Calculate the greatest common factor of 3 and n.
1
Let k be (16/28)/((-2)/(-7)) - -50. Let s = k + -51. Let r be s + (-65)/55 + (-409)/(-11). What is the highest common divisor of 407 and r?
37
Let x(u) = 2*u**2 - 9*u - 4. Let s be x(8). Let p = 82 - s. Let k be 72/(-180) - (-3304)/10. What is the highest common divisor of k and p?
30
Suppose -5*s - 200 = -5*n, 289*n - 5*s = 285*n + 160. Calculate the greatest common divisor of n and 1880.
40
Let c(v) be the second derivative of v**4/6 - 13*v**3/2 + 20*v**2 + 40*v. Let u be c(24). Calculate the highest common divisor of u and 16.
16
Let l be -190*((-20)/8 - -2). Let u be 5/(-20)*4*-2. Suppose u*m + 72 = 4*k, 5*m = 5 + 5. Calculate the greatest common divisor of l and k.
19
Suppose -18*p = -350 + 98. Suppose 3375 = p*o + o. Calculate the greatest common factor of 25 and o.
25
Suppose 9 - 46 - 1 = -19*l. Calculate the greatest common divisor of l and 118.
2
Suppose 0 = 4*w + 4*c - 128, -2*c = 3*w - c - 96. Let o be (-7 - (-290)/40)*64. Calculate the highest common factor of w and o.
16
Let g be (-4 - -1)*(5 + (-94)/6). Suppose 3*v - 9 = 0, d = -d - 2*v + 710. What is the highest common factor of g and d?
32
Suppose 7*w - 7 = -35. Let b be 33 + 0 + (0/4)/w. Suppose -b*n + 35*n = 28. Calculate the greatest common divisor of 112 and n.
14
Let i = -5408 + 9323. Calculate the greatest common divisor of i and 270.
135
Let i(h) = -h**3 - 74*h**2 - 147*h - 168. Let n be i(-74). Calculate the greatest common factor of 126 and n.
126
Suppose -4110 = -8*k + 7*k - 3*x, -3*k + 12265 = -4*x. What is the highest common factor of k and 63?
63
Let h be 2 + 1 + 0 - 3. Suppose -16 - 19 = -2*a + s, h = -2*s + 10. What is the greatest common divisor of 40 and a?
20
Let o(x) = 11*x**2 + 21 + 0*x + 0*x + x**3 + x - 4*x - 3*x. Suppose 4 = -2*f - 18. Let u be o(f). Calculate the highest common divisor of u and 58.
29
Let o = 15 - -102. Let n = o - 102. Calculate the greatest common divisor of 195 and n.
15
Let q(c) = -17*c + 3 + 17*c**2 + 19*c + 11*c. Let i be q(-2). What is the highest common divisor of 15 and i?
15
Let w be (-1 - 1*-1)*(17 + -18). Suppose w = a - 2*a + 80. What is the greatest common divisor of a and 30?
10
Let q be 2*(6/(-12))/(14355/3590 + -4). Calculate the greatest common divisor of 10 and q.
2
Let q be (-166)/(53/(-75) + (-134)/(-201)). What is the highest common factor of 150 and q?
50
Suppose -4*b - 3*c + 4552 = 748, -2852 = -3*b - 2*c. Calculate the highest common factor of b and 108.
12
Let h be 8 - 10 - (-5)/(5/98). Suppose -4*k + 5*f - 36 = h, 4 = -f. Let d be (k/4 + (-9)/9)*-2. Calculate the greatest common factor of d and 231.
21
Suppose 0 = -823043*g + 823111*g - 1224. Suppose 5*f = 2*f + 6. Let h(t) = 2*t**2 - 3*t. Let r be h(f). What is the greatest common factor of r and g?
2
Suppose v - 2617 = -2*s, 18*v - 16*v = -5*s + 6545. What is the highest common divisor of 207 and s?
69
Suppose -12459 - 405 = -68*o - 133*o. What is the highest common divisor of o and 304?
16
Let z be (-1)/(-4) + (-758)/(-8). Suppose 28 + 228 = 16*t. Suppose 874 = t*v + 7*v. What is the greatest common divisor of v and z?
19
Let y be ((-14)/42)/(1/12*-1). Suppose y*d - 15 = -g + 38, 5*g - 169 = 4*d. Let a = 589 + -330. Calculate the greatest common factor of a and g.
37
Let c be 24/(-108) + (-1796)/18. Let o = -88 - c. Calculate the highest common divisor of 20 and o.
4
Let l = 26 + 0. Let i = -22 + l. Let z be (-2 - 3)/((-1)/i). What is the greatest common factor of 220 and z?
20
Let u(f) = 7*f + 4. Let k(y) = 2*y + 4. Let x be k(-2). Let q(o) = o**2 - o + 4. Let z be q(x). Let d be u(z). What is the greatest common divisor of 8 and d?
8
Suppose -3*o + 4*o = -t + 33, 4*t = 2*o + 132. Suppose t*b = 32*b + 24. Calculate the highest common divisor of b and 84.
12
Suppose 29*w + 2*l + 868 = 32*w, -w = -5*l - 311. What is the greatest common factor of 1859 and w?
143
Let h(a) = 48*a**2 - 60*a + 36. Let m be h(11). What is the greatest common divisor of 81 and m?
81
Let f be 442/182 + 8/14. Let i be (203/f)/((-11)/(-33)). What is the greatest common divisor of 58 and i?
29
Suppose -2*m + 2475 = -5*b, -148*m + 147*m + 5*b = -1235. Calculate the highest common factor of 24 and m.
8
Suppose 0 = -54*z - 600 + 28950. Calculate the greatest common factor of 63 and z.
21
Let a be (-719)/(-4) + (-7)/(-28). Let m(n) = 4*n + 27. Let d be m(-6). Suppose 40 = 5*h - d*h. What is the greatest common divisor of h and a?
20
Let q(o) = 11*o**2 + 2*o + 7. Let f be q(-5). Suppose -127 = -3*l + 5*h, -2*h - 26 = -16. What is the highest common divisor of l and f?
34
Suppose 8 = -2*q - 5*u, 0 = 3*q - u + 5*u + 5. Let f(k) = 72*k - 100. Let d be f(2). Suppose -28 = -18*t + d. What is the greatest common divisor of q and t?
1
Let j(y) = y**3 + 14*y**2 + 20*y - 140. Let c be j(-10). Calculate the highest common divisor of 2060 and c.
20
Suppose 983 + 7168 = -5*o + 16*o. Calculate the greatest common factor of o and 969.
57
Let k(o) = 60*o - 640. Let l be k(17). Calculate the greatest common factor of l and 247.
19
Let a(g) = 34*g + 1608. Let k be a(-46). Calculate the greatest common divisor of 6908 and k.
44
Let y = -12091 + 15226. Calculate the highest common factor of y and 15.
15
Let a be ((-1794)/161)/(40/42 - 1). Let d = a + -198. Calculate the greatest common factor of 4 and d.
4
Suppose 7*j = 759 - 297. Let d be (-12)/j - 9/((-99)/2620). What is the highest common factor of d and 28?
14
Suppose 79*q - 7536 = 1075. Calculate the greatest common factor of q and 1.
1
Suppose 0 = 2*u - u - 224. Let a be (5/(50/48))/(558/11160). What is the highest common factor of u and a?
32
Suppose 28*b = 4*m + 30*b + 2490, 0 = 2*m - 5*b + 1239. Let t = m - -797. What is the highest common factor of t and 105?
35
Suppose 18*f - 